3*a = 2*s - 74. Let g(v) = 9*v - 2. Let w be g(2). Calculate the greatest common divisor of a and w.
16
Let j = -9793 + 18263. What is the highest common factor of 55 and j?
55
Let o(s) = -s**3 + 25*s**2 - 47*s + 8. Let q be o(23). Let d be 72/q*30/9*-1. Calculate the highest common factor of 1 and d.
1
Suppose 44 = 11*p + 55. Let r be (-2 + p)/(-3 + (-51)/(-18)). Calculate the greatest common factor of r and 48.
6
Let h = -332 + 335. Suppose -81 = -2*n + 5*b, -h*n + b - 4*b + 111 = 0. What is the greatest common factor of 1140 and n?
38
Let s be (6684/30)/((-1)/(-5)). Suppose 4*a - 2*i - 946 = s, 5*a - 2589 = -i. What is the highest common divisor of a and 47?
47
Let v = -2510 - -2530. What is the highest common divisor of v and 665?
5
Suppose 8*d - 3246 = 2154. Let a = -451 + d. Calculate the greatest common factor of a and 32.
32
Let b be (161 - 141)*(-122)/(-20). Calculate the greatest common factor of 28426 and b.
122
Let b be -2631*((-95)/(-15) - 8). Suppose -b + 17372 = 37*q. What is the greatest common factor of 26 and q?
13
Suppose 14*a - 653 = -261. Let c(y) = 11 + 13 + 3 - y - a. Let k be c(-9). What is the highest common factor of 1 and k?
1
Let w be 6/(-3) - (-68 + 0). Suppose 3*g = 0, 3*b - 1171 = 5*g + 215. What is the greatest common factor of w and b?
66
Let y(h) = 3*h**2 + 13*h - 7. Let w be y(-4). Let x be (w - -9)/((-3)/108). What is the highest common factor of x and 48?
24
Let c = -1496 + 1749. Let a(w) = -2*w**3 - 26*w**2 - 2*w - 3. Let d be a(-13). What is the greatest common divisor of d and c?
23
Suppose 7*t - 1907 = 34*t - 2609. Calculate the greatest common divisor of t and 13000.
26
Suppose -j + 3 = i + 11, -2*j - 13 = i. Let r be j/(45/2)*-9. Suppose z - 10 = -r. What is the highest common factor of z and 20?
4
Let f be ((-62)/93 - (-4)/(-30))*(-18520 + 0). What is the greatest common divisor of 32 and f?
32
Suppose j + 8 = 34. Let w(o) = 62*o**2 + 51*o + 62. Let m be w(-2). Calculate the highest common factor of j and m.
26
Let w be ((-2106)/(-486))/(2/366). Calculate the highest common divisor of 427 and w.
61
Suppose 0 = -2*m + 6, -2*m + 0*m = -2*h + 12. Suppose 3*k - 5*c = -c - h, -10 = -k - 3*c. Let b = k + 21. Calculate the greatest common factor of 88 and b.
22
Let g be 120/70*(36 + -1). Let v(y) = y**3 - 11*y**2 - 12*y + 15. Let i be v(12). Calculate the highest common factor of i and g.
15
Let k be ((-69)/(-1))/((-5)/(-25)). Let m(l) = -l**3 - 125*l**2 + 123*l - 348. Let u be m(-126). Calculate the highest common divisor of k and u.
15
Let c(g) = -g**3 - 49*g**2 + 158*g + 123. Let x be c(-52). What is the greatest common divisor of x and 3211?
19
Let i be (-2*3/18 - -1)/(94/141). Calculate the greatest common factor of i and 109.
1
Let l be (-36)/(-15) + (-16)/40. Let d(i) = 1204 - i**l - 1170 + 12*i + 7*i. Let p be d(18). Calculate the greatest common factor of p and 130.
26
Let v = 82 + -34. Let k(o) = 5*o**2 + 36*o + 39. Let j be k(-9). Calculate the highest common factor of j and v.
24
Let a be (22/6)/(1/9). Let g(f) = -f**2 - 3*f + 2. Let b be g(-3). Let m be (-5 - 17/(-3))*9/b. Calculate the highest common divisor of a and m.
3
Suppose 19*r = 19444 - 6429. Let k = 724 - r. Let o = 18 + -5. Calculate the greatest common factor of o and k.
13
Suppose 16*y = 9*y + 49. Suppose y*b - 48 - 15 = 0. Let z be (-264)/(-10) + 6/10. Calculate the highest common factor of z and b.
9
Let u(h) = 6*h**2 - 159*h + 1036. Let x be u(7). What is the greatest common divisor of x and 124?
31
Let v = 84 - -87. Let w = -9602 - -9611. What is the highest common factor of v and w?
9
Suppose 2*v + 3*v = 3*u - 79, 3*u = v + 59. Suppose -2*c + 10 = 6. Suppose 2*h + 46 = c*w, 2*w - h + 58 = 4*w. Calculate the highest common factor of u and w.
9
Let u be (-7)/2 - (-237003)/78. What is the highest common divisor of u and 10?
5
Suppose 828 = 5*a - y, -2 = 2*a + 2*y - 338. Suppose h - 125 = -4*i, h = -5*i + 3*h + a. What is the highest common factor of 32 and i?
32
Let j = 19981 - 19967. Calculate the highest common factor of 3178 and j.
14
Suppose -147 - 126 = -21*x. Let r = 18 - 15. Let y be 3/r*12 - -1. Calculate the greatest common divisor of y and x.
13
Let j(o) = o**2 + o + 26. Let h be j(0). Let k = 486 + -550. Let v = k + 129. What is the highest common factor of h and v?
13
Let r = -22 + 22. Suppose r = -0*a - 7*a + 812. Let c = a + -51. What is the greatest common factor of 13 and c?
13
Suppose -3*v = 3, -32*f + 5*v = -29*f + 382. Let d(b) = -97*b**3. Let n be d(1). Let g = n - f. Calculate the greatest common divisor of g and 2.
2
Let q(x) = 15*x**2 + 29*x + 6. Let k be q(-4). Let g = -111 + k. What is the highest common factor of 228 and g?
19
Suppose 0 = -15*u + 3*u + 4572. Suppose -131 = -i - 5*q, 3*i + 6*q - u = 3*q. Calculate the greatest common divisor of 210 and i.
42
Let w be (-7)/((-147)/27480) - 21/(-49)*1. Calculate the highest common factor of w and 1122.
187
Suppose -7328 = -122*z - 3489 + 8117. What is the greatest common factor of z and 162?
2
Let z(p) = -213*p**3 - 5*p**2 + 8*p - 2. Let j be z(1). Let t = j + 217. What is the highest common divisor of t and 65?
5
Let j be 1787 + 5 + (0/3)/1. Calculate the greatest common divisor of 14 and j.
14
Let s be (-5)/30 - 67/(-6). Suppose 0 = -125*d - 2064 + 2189. Calculate the highest common divisor of s and d.
1
Let c(f) = -4*f**3 - 3*f**2 - 18*f - 34. Let z be c(-6). What is the greatest common factor of z and 1162?
166
Let t = -228 - -221. Let m(w) = -6*w - 21. Let q be m(t). Calculate the highest common divisor of q and 14.
7
Suppose 3*o = -m + 124, -4*o - 4*m + 144 = -0. Calculate the highest common factor of o and 11308.
44
Suppose -3*n + 21 = -r, -n + 4*r + 1 = -17. Let d = -115 + 119. What is the greatest common divisor of d and n?
2
Let m be 4*3*(1 - -2). Suppose -5*i - 34 = -x - 2*x, -5*x = -2*i - 25. Suppose x*b + 462 - 516 = 0. Calculate the highest common factor of b and m.
18
Let z(l) = -67*l - 1002. Let x(y) = 23*y + 334. Let k(w) = 17*x(w) + 6*z(w). Let b be k(-31). Calculate the highest common factor of 91 and b.
7
Let d(u) = 3*u**2 - 16*u + 247. Let x be d(5). What is the greatest common divisor of 1606 and x?
22
Let v = 3603 + -3582. What is the greatest common divisor of v and 343?
7
Suppose q + 3*z - 45 = 5*q, 0 = 2*q + z + 15. Let u(h) = -h**3 - 7*h**2 - 49*h - 18. Let i be u(q). What is the greatest common divisor of i and 39?
39
Suppose z - 2 = 0, z = 5*l + 1417 - 35. Suppose 6*v - 439 = -2*j + 2015, -2037 = -5*v - 3*j. Let g = v + l. Calculate the greatest common divisor of 90 and g.
45
Let c(g) = -54*g - 1971. Let h be c(-37). Calculate the highest common divisor of h and 7848.
9
Let a(o) be the first derivative of -7*o**2/2 - 210*o + 74. Let w be a(-36). What is the greatest common factor of w and 18?
6
Suppose v - 1118 = -4*t - v, 5*t = -5*v + 1410. Let x = t + -87. Let o(z) = 10*z**2 + 62*z + 62. Let p be o(-1). What is the greatest common divisor of x and p?
10
Let d be 102/(-1071) + -1 + (-4624)/(-42). Suppose -2*p - 429 = -3*j, -335 = -3*j - 3*p + d. Calculate the highest common factor of j and 87.
29
Let w = 63 + -38. Suppose 5*j + 54*t - 57*t = 184, 8*j - 295 = 5*t. Calculate the greatest common divisor of w and j.
5
Suppose 0 = -3*b - b + 60. Let o(a) = -a**2 + 14 - 30 + 6 + 15*a. Let j be o(5). What is the highest common divisor of b and j?
5
Suppose 4*u = 623 + 3569. What is the greatest common factor of 16 and u?
8
Let w = 225 + -222. Let z(j) = j. Let r(l) = -l + 7. Let f be r(5). Let n be z(f). Calculate the highest common factor of w and n.
1
Suppose 60*f - 86107 = 67673. What is the highest common divisor of 11 and f?
11
Let r be 7108/(-24) + 4/24. Let h = 367 + r. Calculate the greatest common factor of 284 and h.
71
Suppose 0 = -28*h - 52 + 108. What is the highest common divisor of h and 50?
2
Let s = -797 + 1042. Suppose 0 = p + 21 - s. Calculate the highest common divisor of 21 and p.
7
Suppose -5*b = 3*i - 27246, 1144*b + 27204 = 3*i + 1142*b. What is the greatest common factor of i and 162?
162
Let p = -117 + 182. Let w = -2451 - -2506. What is the highest common factor of p and w?
5
Let d be 5/1 - (-7 - -8). Let t(h) = h**3 + 3*h**2 - 9*h - 3. Let b be t(d). Let l = b - 55. What is the highest common divisor o